97089131 composite?
False
Is 197453507 prime?
True
Is 2890817 prime?
False
Is 62299189 prime?
True
Is 2973667 prime?
True
Is 4595299 prime?
True
Is 26099413 a prime number?
True
Is 33978523 a composite number?
False
Is 5001559 a composite number?
False
Is 15345373 composite?
True
Is 1716193 composite?
True
Is 307480049 composite?
False
Is 444024865 a prime number?
False
Is 5323481 prime?
False
Is 71217347 a prime number?
True
Is 370267 a prime number?
False
Is 3184921 prime?
False
Is 242713531 composite?
False
Is 99244643 prime?
True
Is 36451 a prime number?
True
Is 5305507 a prime number?
True
Is 1400671 a prime number?
False
Is 576634385 a prime number?
False
Is 775253 prime?
False
Is 8316953 a composite number?
True
Is 2957161 a prime number?
True
Is 249034229 a composite number?
False
Is 104382179 prime?
False
Is 138044393 a prime number?
True
Is 651842753 prime?
True
Is 7877459 composite?
True
Is 46324913 a prime number?
True
Is 932913113 a prime number?
False
Is 5016517 prime?
False
Is 2700181 a prime number?
False
Is 15719107 a composite number?
True
Is 288439789 prime?
False
Is 1135037 prime?
False
Is 142567957 composite?
True
Is 2178511 composite?
False
Is 1687319 prime?
True
Is 10886261 composite?
False
Is 80255377 a prime number?
True
Is 1876091 a composite number?
True
Is 28620373 composite?
False
Is 2659999 a composite number?
False
Is 190894127 composite?
True
Is 3808001 prime?
True
Is 2824291 a composite number?
False
Is 127197547 prime?
False
Is 319830899 a composite number?
True
Is 704977723 a composite number?
False
Is 311977 composite?
True
Is 13261897 a composite number?
True
Is 62961707 a composite number?
False
Is 55962667 a prime number?
False
Is 3140801 prime?
False
Is 45762461 a prime number?
True
Is 79720651 composite?
False
Is 24401555 a prime number?
False
Is 465735443 a prime number?
True
Is 43402793 a composite number?
True
Is 75327029 a composite number?
False
Is 237509 a composite number?
False
Is 3007967 prime?
False
Is 5511133 prime?
True
Is 84869 a composite number?
False
Is 132591931 composite?
False
Is 3135943 a prime number?
True
Is 83309 a prime number?
False
Is 13467037 a composite number?
True
Is 1465637 a composite number?
False
Is 294947 composite?
False
Is 3018091 a composite number?
False
Is 23492753 a composite number?
True
Is 58300563 a composite number?
True
Is 331173841 a prime number?
True
Is 10877303 prime?
True
Is 3285437 a prime number?
False
Is 1746806 a prime number?
False
Is 6529583 composite?
True
Is 221159 a prime number?
True
Is 117570913 a composite number?
False
Is 27813623 prime?
True
Is 144457 a prime number?
False
Is 488429 composite?
True
Is 502014931 a composite number?
True
Is 239464361 composite?
False
Is 616869551 a prime number?
True
Is 28981819 a composite number?
False
Is 1118273461 prime?
True
Is 129494489 prime?
True
Is 1677161 prime?
False
Is 2406959 prime?
True
Is 270703 a composite number?
True
Is 2481109 a composite number?
True
Is 91262731 a prime number?
False
Is 3247967 a composite number?
True
Is 35167337 composite?
False
Is 1462313 prime?
True
Is 1599601 a composite number?
False
Is 4254961 prime?
True
Is 279109793 a composite number?
True
Is 15273541 a composite number?
True
Is 31000681 a composite number?
True
Is 119707597 a prime number?
False
Is 53203153 prime?
True
Is 27080141 a composite number?
True
Is 7609463 a composite number?
False
Is 282659423 prime?
False
Is 2738733 composite?
True
Is 153956603 composite?
True
Is 2137643 a composite number?
True
Is 37620989 composite?
True
Is 20796281 a prime number?
False
Is 1691881 prime?
False
Is 123701 composite?
False
Is 18806687 prime?
True
Is 1654649 prime?
True
Is 225382793 composite?
False
Is 27242885 prime?
False
Is 10308693 prime?
False
Is 1812227 a prime number?
True
Is 907674551 a composite number?
True
Is 11504789 composite?
True
Is 5379265 a prime number?
False
Is 467867 a prime number?
True
Is 947339 a prime number?
False
Is 67640497 composite?
True
Is 78415151 a prime number?
False
Is 86995603 a composite number?
True
Is 440765791 a prime number?
True
Is 35633137 a prime number?
True
Is 1201729 prime?
True
Is 193106923 composite?
False
Is 3072883 a prime number?
False
Is 31790881 a prime number?
False
Is 70905239 a prime number?
True
Is 320531 prime?
False
Is 5656603 a prime number?
True
Is 1617871 composite?
False
Is 3057401 a composite number?
True
Is 474809 composite?
False
Is 4864331 prime?
False
Is 43548143 a composite number?
False
Is 7089287 composite?
False
Is 2177603 a composite number?
True
Is 80921237 composite?
False
Is 29276237 a prime number?
False
Is 26275339 a prime number?
True
Is 3488123 composite?
True
Is 2172389 a composite number?
False
Is 59588645 prime?
False
Is 8269013 a composite number?
False
Is 5368691 a composite number?
True
Is 10520743 a composite number?
False
Is 63892039 a prime number?
True
Is 28937251 a prime number?
False
Is 4895993 composite?
False
Is 50683 composite?
False
Is 1608979 prime?
True
Is 11885 a composite number?
True
Is 131071 prime?
True
Is 14410281 a prime number?
False
Is 105031669 prime?
True
Is 13981489 composite?
True
Is 30135277 prime?
False
Is 202907477 a composite number?
True
Is 6473437 a composite number?
False
Is 71325341 prime?
True
Is 1194830459 a composite number?
False
Is 34745233 a composite number?
False
Is 4415143 composite?
False
Is 18374801 a composite number?
True
Is 2565989 a composite number?
False
Is 13710617 prime?
True
Is 17117899 prime?
True
Is 1121327 composite?
True
Is 39010513 prime?
True
Is 3290471 a prime number?
False
Is 445489 prime?
False
Is 25778153 composite?
False
Is 1061477 a prime number?
False
Is 112351403 a composite number?
False
Is 17849663 prime?
False
Is 14318303 a prime number?
True
Is 1182581 prime?
True
Is 26751741 a composite number?
True
Is 228574939 composite?
True
Is 13492351 composite?
False
Is 55396157 a prime number?
False
Is 166845485 prime?
False
Is 232835051 a composite number?
False
Is 9008537 composite?
True
Is 4749985 composite?
True
Is 9180151 composite?
True
Is 2113283 a prime number?
True
Is 1060861 a composite number?
False
Is 28504739 a composite number?
False
Is 309707 a prime number?
True
Is 598126261 a prime number?
True
Is 130850921 prime?
False
Is 69229955 prime?
False
Is 36969013 composite?
False
Is 34919137 prime?
False
Is 33528931 a prime number?
True
Is 124608391 composite?
False
Is 5409977 a composite number?
False
Is 5390557 a prime number?
False
Is 3638753 composite?
False
Is 1735549 composite?
False
Is 126345781 a prime number?
True
Is 26085629 prime?
False
Is 124684793 a prime number?
False
Is 18122141 a prime number?
True
Is 62738201 a prime number?
True
Is 118904657 prime?
True
Is 9884107 a prime number?
True
Is 2178653 composite?
False
Is 210911291 a composite number?
True
Is 239059871 composite?
False
Is 85696239 a composite number?
True
Is 171499 a prime number?
False
Is 2325287 a composite number?
True
Is 35862745 a composite number?
True
Is 81806183 a prime number?
True
Is 6095951 a prime number?
True
Is 1801591 prime?
False
Is 5443103 a prime number?
True
Is 13275663 a composite number?
True
Is 8002814 prime?
False
Is 20627947 prime?
True
Is 435362789 a composite number?
True
Is 90657771 a prime number?
False
Is 1746109 composite?
False
Is 943852307 composite?
False
Is 2378923 a prime number?
False
Is 1195331 prime?
False
Is 29266463 composite?
False
Is 221083 a prime number?
True
Is 425729 a composite number?
True
Is 225242 a prime number?
False
Is 20412811 a prime number?
True
Is 8841629 prime?
True
Is 806177 a prime number?
True
Is 104933159 a composite number?
False
Is 4666549 prime?
True
Is 83648657 composite?
False
Is 1875579761 a prime number?
False
Is 136208843 composite?
False
Is 581293 a composite number?
False
Is 261644077 a prime number?
False
Is 871601 composite?
True
Is 40294439 prime?
True
Is 22706287 a composite number?
False
Is 847721155 a prime number?
False
Is 13942177 composite?
False
Is 343070153 a composite number?
False
Is 130171 prime?
True
Is 102139357 a composite number?
False
Is 4564663 a composite number?
False
Is 1938919 prime?
False
Is 4075387 prime?
False
Is 53610607 a prime number?
True
Is 94047607 a composite number?
False
Is